-2222022102111210
In base 5, what is 1 + -24401203233?
-24401203232
In base 12, what is 2876ba + 3b?
287739
In base 2, what is -110101 - -111101001111010?
111101001000101
In base 11, what is -6a6 + 142165?
14156a
In base 2, what is -10101110101000010111101 - -10?
-10101110101000010111011
In base 16, what is bab14 - -28c?
bada0
In base 7, what is 665225 - 32?
665163
In base 9, what is -18287448 + 23?
-18287425
In base 13, what is 3bb2 - -1a38?
591a
In base 7, what is 11610142 + 1243?
11611415
In base 12, what is -381 - 237a6?
-23b67
In base 11, what is -4 + 25191002?
25190aa9
In base 12, what is -148a39 + -22?
-148a5b
In base 6, what is -14355 - -102403?
44004
In base 9, what is 4 - -37281?
37285
In base 4, what is -132232221 + 22303?
-132203312
In base 12, what is -280835 + 8?
-280829
In base 8, what is -11167002 + 245?
-11166535
In base 15, what is 3 + -6d1e8c7?
-6d1e8c4
In base 5, what is 124303322 - -42?
124303414
In base 15, what is 17c2b - 3c?
17bde
In base 13, what is 1 + 6a33478?
6a33479
In base 7, what is -11206 + -36620?
-51126
In base 2, what is -1100101011100111101000001 + -1?
-1100101011100111101000010
In base 7, what is 1120 - -636426?
640546
In base 9, what is 2122744403 + -4?
2122744388
In base 7, what is -2 - 244144143?
-244144145
In base 6, what is 145 + 535112?
535301
In base 15, what is -19e6892 + 5?
-19e688c
In base 16, what is 4e7b - 9c?
4ddf
In base 3, what is -12 + -101220110112011?
-101220110112100
In base 16, what is 411 + -1075?
-c64
In base 5, what is -131230024 - -30?
-131224444
In base 11, what is 46 + -1940a?
-19374
In base 9, what is -2607261 - -183?
-2607067
In base 5, what is -14402 - -301203132?
301133230
In base 5, what is 32431243101 + 13?
32431243114
In base 9, what is -132 + 137732?
137600
In base 15, what is c6 - -268cb1?
268d87
In base 6, what is 21422 - 103103?
-41241
In base 10, what is -177867 + -2247?
-180114
In base 4, what is -231301222 - -2301?
-231232321
In base 10, what is 1807145 - 302?
1806843
In base 4, what is 20022100 + 121?
20022221
In base 6, what is -55531 - -4112?
-51415
In base 16, what is 222da7 - 2e?
222d79
In base 13, what is -9 - -7ab1bc8?
7ab1bbc
In base 7, what is 3 - 40062265?
-40062262
In base 2, what is 100101010001100100001001 + 1001010?
100101010001100101010011
In base 7, what is -45 + 125560423?
125560345
In base 4, what is -120 + -1221230330130?
-1221230330310
In base 12, what is 22 - -3958a?
395b0
In base 12, what is -165 - 1168bb?
-116a64
In base 11, what is a7742747 - 1?
a7742746
In base 10, what is -20 - 3311644?
-3311664
In base 15, what is 14388b - a?
143881
In base 2, what is 1011 - 11000010010100001110110?
-11000010010100001101011
In base 16, what is 114 - 78d3?
-77bf
In base 6, what is -12 - 1032354555?
-1032355011
In base 5, what is 212 - 12101213443?
-12101213231
In base 5, what is -1331 - 103321431?
-103323312
In base 2, what is 10010110010 - 100000110101?
-1110000011
In base 4, what is 30 + 231221132202?
231221132232
In base 11, what is -18 + 726aa6?
726a89
In base 16, what is 372409 - 4?
372405
In base 11, what is -35337 + -50?
-35387
In base 10, what is -665 + 272391?
271726
In base 2, what is 0 - -100010000001000000101010?
100010000001000000101010
In base 16, what is -2ecdc - 19?
-2ecf5
In base 11, what is 13a3995 + -3?
13a3992
In base 3, what is -110201022101 - -121?
-110201021210
In base 2, what is 11011110101 + -1100010010010111?
-1011110110100010
In base 13, what is 71a3c - 61?
719ab
In base 10, what is 79 + -2844743?
-2844664
In base 15, what is b87c17 + -4?
b87c13
In base 8, what is 543564162 - -13?
543564175
In base 13, what is 13103 + -1c3?
12c10
In base 14, what is 608 - 83dd1?
-837c7
In base 3, what is 111012102110 + -200?
111012101210
In base 16, what is -5 + 483dc?
483d7
In base 16, what is -2b20a + 174?
-2b096
In base 3, what is 1000011 - -111002202?
112002220
In base 5, what is -34144 + -2244200?
-2333344
In base 10, what is -4263877 - 100?
-4263977
In base 6, what is -30305111022 + 1?
-30305111021
In base 5, what is -10 + 11002430120?
11002430110
In base 6, what is -14125512 - 0?
-14125512
In base 13, what is 75 + -c0968c?
-c09617
In base 8, what is -107 - 121522?
-121631
In base 13, what is -8c5 - 45a9?
-51a1
In base 4, what is -10300030 - 131?
-10300221
In base 8, what is -220 + 22470530?
22470310
In base 4, what is 20122 + -1123022203?
-1123002021
In base 5, what is -2211404 + -13204?
-2230113
In base 12, what is 568 + 973?
131b
In base 10, what is -2 + 4349221?
4349219
In base 13, what is 5346 + -75c?
48b7
In base 5, what is -1410210 - -410144?
-1000011
In base 15, what is -243 - 718b?
-73ce
In base 12, what is -6ba6a - -30?
-6ba3a
In base 3, what is 0 - -111020210112?
111020210112
In base 2, what is 10 - -1111100101100010011001011101?
1111100101100010011001011111
In base 2, what is 100011110011 - -1100010001000010?
1100110100110101
In base 16, what is 1 - fb07b?
-fb07a
In base 12, what is 3b + -b47bb?
-b4780
In base 4, what is 1032 + 30232313220?
30232320312
In base 15, what is -d39 - 376a?
-45a4
In base 16, what is 1 - 2bf63e?
-2bf63d
In base 12, what is 7613 - 115a?
6475
In base 13, what is -b7547 - 208?
-b7752
In base 4, what is 21012001102 - -330?
21012002032
In base 12, what is -25ab - -a3a?
-1771
In base 6, what is -5 + -452215210?
-452215215
In base 16, what is 3 + 1b022f?
1b0232
In base 10, what is -122 - -8561?
8439
In base 10, what is 28388 - -171?
28559
In base 2, what is 11010 - 101011000001110011?
-101011000001011001
In base 2, what is 101100011111100010001000 - -1010?
101100011111100010010010
In base 4, what is -230311213020320 + -10?
-230311213020330
In base 4, what is -311 + -1132011000030?
-1132011001001
In base 15, what is 1 - -1105b03?
1105b04
In base 16, what is e4 - 456d3?
-455ef
In base 12, what is -5 + -30875b8?
-3087601
In base 7, what is -165 + -1506432?
-1506630
In base 11, what is -200 - 14808?
-14a08
In base 13, what is -a75210 - 5?
-a75215
In base 7, what is 642230 + 522?
643052
In base 16, what is -2 - 374d04?
-374d06
In base 13, what is -558b2a + -b?
-558b38
In base 4, what is 130031130101 - -1?
130031130102
In base 15, what is c9 + -1b846?
-1b76c
In base 10, what is -1007 - -28411?
27404
In base 13, what is -2c - -6a81b8?
6a8189
In base 5, what is 43412444 + 122?
43413121
In base 5, what is 330412042 - -4?
330412101
In base 15, what is -13040115 + -2?
-13040117
In base 9, what is 4442 + -1537?
2804
In base 9, what is -42310 - -6367?
-34832
In base 7, what is 10445106 + 124?
10445233
In base 10, what is 614 - 178809?
-178195
In base 10, what is 31266 + 387?
31653
In base 4, what is 3 - -2112203321?
2112203330
In base 5, what is -31440224314 - 3?
-31440224322
In base 7, what is 24 - -5550054?
5550111
In base 13, what is -22081 - -253?
-21b2b
In base 4, what is 2020110 - 13332?
2000112
In base 13, what is -17a9 + -530?
-2009
In base 11, what is -a - -165422?
165413
In base 13, what is 570c + 2a8?
59b7
In base 8, what is -110322770 - -2?
-110322766
In base 13, what is -522617 + -14?
-52262b
In base 14, what is 1dc7 - 5ad?
1818
In base 12, what is 4 - -15aaba1?
15aaba5
In base 4, what is 2220 + 21333120?
22002000
In base 6, what is -1 - 4501301334?
-4501301335
In base 9, what is -175257312 - 4?
-175257316
In base 5, what is 1 - -13012223223?
13012223224
In base 13, what is 21 + -40631?
-40610
In base 5, what is 13 + -23130323404?
-23130323341
In base 2, what is 101 + 1000000000100001110100101010?
1000000000100001110100101111
In base 10, what is 684570 + -654?
683916
In base 16, what is -113 + f463?
f350
In base 8, what is 142536226 - 30?
142536176
In base 16, what is -44f8ea + -30?
-44f91a
In base 7, what is 13404034232 - -5?
13404034240
In base 14, what is -dc + 2180b?
2170d
In base 10, what is 2340 - -5883?
8223
In base 10, what is -2 - 2432539?
-2432541
In base 13, what is 2 - 15316297?
-15316295
In base 9, what is 84200 + -563?
83526
In base 9, what is 86152 + -376?
85665
In base 12, what is 2 + 300606a?
3006070
In base 13, what is -294 - -14727?
14463
In base 4, what is -3112113103111 + -3?
-3112113103120
In base 4, what is -10332 - -3103111121?
3103100123
In base 9, what is 10052 - -1584?
11646
In base 7, what is -3 + 1164205434?
1164205431
In base 12, what is -b54 - b722?
-10676
In base 3, what is -